tors of 13441.
13441
What are the prime factors of 207?
3, 23
List the prime factors of 13911.
3, 4637
What are the prime factors of 2663?
2663
List the prime factors of 23666.
2, 11833
List the prime factors of 23365.
5, 4673
What are the prime factors of 6196?
2, 1549
List the prime factors of 482.
2, 241
What are the prime factors of 1998?
2, 3, 37
List the prime factors of 69333.
3, 11, 191
What are the prime factors of 1044?
2, 3, 29
What are the prime factors of 68?
2, 17
List the prime factors of 19949.
19949
List the prime factors of 96865.
5, 19373
What are the prime factors of 11700?
2, 3, 5, 13
What are the prime factors of 2358?
2, 3, 131
List the prime factors of 8934.
2, 3, 1489
List the prime factors of 2546.
2, 19, 67
What are the prime factors of 2789?
2789
List the prime factors of 1095.
3, 5, 73
List the prime factors of 8500.
2, 5, 17
List the prime factors of 716.
2, 179
List the prime factors of 19951.
71, 281
What are the prime factors of 15657?
3, 17, 307
List the prime factors of 51021.
3, 5669
List the prime factors of 2635.
5, 17, 31
What are the prime factors of 7086?
2, 3, 1181
List the prime factors of 6650.
2, 5, 7, 19
What are the prime factors of 37?
37
What are the prime factors of 50750?
2, 5, 7, 29
List the prime factors of 5594.
2, 2797
What are the prime factors of 27111?
3, 7, 1291
What are the prime factors of 24936?
2, 3, 1039
List the prime factors of 8455.
5, 19, 89
What are the prime factors of 4460?
2, 5, 223
List the prime factors of 710.
2, 5, 71
What are the prime factors of 633?
3, 211
What are the prime factors of 50?
2, 5
List the prime factors of 3716.
2, 929
List the prime factors of 69245.
5, 11, 1259
List the prime factors of 89808.
2, 3, 1871
What are the prime factors of 1622?
2, 811
What are the prime factors of 509?
509
What are the prime factors of 1072?
2, 67
What are the prime factors of 72935?
5, 29, 503
What are the prime factors of 2502?
2, 3, 139
List the prime factors of 398.
2, 199
List the prime factors of 944.
2, 59
List the prime factors of 48807.
3, 11, 17, 29
What are the prime factors of 5032?
2, 17, 37
What are the prime factors of 16765?
5, 7, 479
What are the prime factors of 2184?
2, 3, 7, 13
What are the prime factors of 151246?
2, 47, 1609
What are the prime factors of 28652?
2, 13, 19, 29
What are the prime factors of 1889?
1889
What are the prime factors of 92745?
3, 5, 229
What are the prime factors of 230?
2, 5, 23
What are the prime factors of 773?
773
List the prime factors of 167.
167
What are the prime factors of 1554?
2, 3, 7, 37
List the prime factors of 1329.
3, 443
What are the prime factors of 741?
3, 13, 19
List the prime factors of 95399.
19, 5021
List the prime factors of 2248.
2, 281
What are the prime factors of 130?
2, 5, 13
What are the prime factors of 225?
3, 5
What are the prime factors of 173?
173
What are the prime factors of 38?
2, 19
List the prime factors of 6116.
2, 11, 139
What are the prime factors of 1173?
3, 17, 23
What are the prime factors of 29476?
2, 7369
List the prime factors of 14060.
2, 5, 19, 37
What are the prime factors of 463?
463
List the prime factors of 1519.
7, 31
What are the prime factors of 173?
173
What are the prime factors of 44312?
2, 29, 191
What are the prime factors of 35077?
7, 5011
What are the prime factors of 1385?
5, 277
List the prime factors of 1007.
19, 53
List the prime factors of 729.
3
What are the prime factors of 1494?
2, 3, 83
What are the prime factors of 14181?
3, 29, 163
What are the prime factors of 8444?
2, 2111
What are the prime factors of 89383?
7, 113
What are the prime factors of 57947?
57947
What are the prime factors of 5266?
2, 2633
What are the prime factors of 78358?
2, 7, 29, 193
List the prime factors of 1505.
5, 7, 43
List the prime factors of 3637.
3637
What are the prime factors of 85461?
3, 61, 467
List the prime factors of 1732.
2, 433
List the prime factors of 3154.
2, 19, 83
What are the prime factors of 49085?
5, 9817
List the prime factors of 762.
2, 3, 127
What are the prime factors of 3170?
2, 5, 317
List the prime factors of 2505.
3, 5, 167
List the prime factors of 530.
2, 5, 53
What are the prime factors of 75144?
2, 3, 31, 101
What are the prime factors of 449?
449
What are the prime factors of 49659?
3, 16553
What are the prime factors of 9898?
2, 7, 101
List the prime factors of 9558.
2, 3, 59
What are the prime factors of 104225?
5, 11, 379
List the prime factors of 352.
2, 11
List the prime factors of 15440.
2, 5, 193
List the prime factors of 780.
2, 3, 5, 13
What are the prime factors of 1600?
2, 5
List the prime factors of 2037.
3, 7, 97
What are the prime factors of 521?
521
List the prime factors of 1225.
5, 7
List the prime factors of 13392.
2, 3, 31
List the prime factors of 45454.
2, 22727
What are the prime factors of 12?
2, 3
What are the prime factors of 2248?
2, 281
List the prime factors of 6089.
6089
List the prime factors of 745.
5, 149
List the prime factors of 1776.
2, 3, 37
What are the prime factors of 1237?
1237
List the prime factors of 1159.
19, 61
What are the prime factors of 1841?
7, 263
What are the prime factors of 10605?
3, 5, 7, 101
What are the prime factors of 300?
2, 3, 5
What are the prime factors of 1127?
7, 23
What are the prime factors of 4435?
5, 887
What are the prime factors of 1754?
2, 877
List the prime factors of 14830.
2, 5, 1483
What are the prime factors of 7228?
2, 13, 139
List the prime factors of 2119.
13, 163
List the prime factors of 75910.
2, 5, 7591
List the prime factors of 1351.
7, 193
What are the prime factors of 3518?
2, 1759
What are the prime factors of 59240?
2, 5, 1481
List the prime factors of 36.
2, 3
List the prime factors of 659.
659
List the prime factors of 14438.
2, 7219
List the prime factors of 330.
2, 3, 5, 11
What are the prime factors of 55693?
11, 61, 83
What are the prime factors of 145?
5, 29
What are the prime factors of 6901?
67, 103
List the prime factors of 17004.
2, 3, 13, 109
List the prime factors of 122494.
2, 73, 839
List the prime factors of 2860.
2, 5, 11, 13
What are the prime factors of 1520?
2, 5, 19
What are the prime factors of 13299?
3, 11, 13, 31
List the prime factors of 692.
2, 173
What are the prime factors of 1112?
2, 139
What are the prime factors of 6741?
3, 7, 107
What are the prime factors of 47623?
47623
What are the prime factors of 2620?
2, 5, 131
What are the prime factors of 544?
2, 17
List the prime factors of 898.
2, 449
What are the prime factors of 7719?
3, 31, 83
List the prime factors of 6925.
5, 277
What are the prime factors of 2537?
43, 59
List the prime factors of 5013.
3, 557
List the prime factors of 831.
3, 277
List the prime factors of 34869.
3, 59, 197
What are the prime factors of 14589?
3, 1621
List the prime factors of 62338.
2, 71, 439
What are the prime factors of 3474?
2, 3, 193
List the prime factors of 1541.
23, 67
What are the prime factors of 1478?
2, 739
List the prime factors of 509.
509
What are the prime factors of 966?
2, 3, 7, 23
What are the prime factors of 509?
509
What are the prime factors of 43622?
2, 17, 1283
What are the prime factors of 110320?
2, 5, 7, 197
What are the prime factors of 2814?
2, 3, 7, 67
List the prime factors of 766.
2, 383
What are the prime factors of 3019?
3019
List the prime factors of 807.
3, 269
What are the prime factors of 964?
2, 241
What are the prime factors of 22880?
2, 5, 11, 13
What are the prime factors of 4386?
2, 3, 17, 43
List the prime factors of 2315.
5, 463
What are the prime factors of 27855?
3, 5, 619
What are the prime factors of 2803?
2803
List the prime factors of 224.
2, 7
What are the prime factors of 13899?
3, 41, 113
List the prime factors of 738.
2, 3, 41
What are the prime factors of 86851?
86851
What are the prime factors of 36578?
2, 18289
List the prime factors of 6041.
7, 863
What are the prime factors of 74314?
2, 73, 509
List the prime factors of 27921.
3, 41, 227
What are the prime factors of 1789?
1789
What are the prime factors of 14428?
2, 3607
List the prime factors of 533.
13, 41
List the prime factors of 7183.
11, 653
List the prime factors of 15784.
2, 1973
List the prime factors of 11123.
7, 227
List the prime factors of 349.
349
What are the pr